s u(11)?
13
Let v(h) = h**3 + 9*h**2 + 4*h - 26. Give v(-8).
6
Let s(n) = n**2 + 20*n + 2. Determine s(-17).
-49
Let x(j) = j**2 + 10*j - 20. What is x(-12)?
4
Let c(p) = -p**2 - 29*p - 188. Give c(-10).
2
Let u(q) = -q**2 + 40*q - 116. Calculate u(3).
-5
Let g(j) = -5*j + 71. Determine g(12).
11
Let p(t) = -36*t**2 + 396*t - 8. Calculate p(11).
-8
Let s(f) = -5*f - 7. Determine s(5).
-32
Let r(x) = x - 5. Determine r(-6).
-11
Let a(g) = 18*g**2 - g + 2. Determine a(1).
19
Let o(k) = -k**3 - 4*k**2 + 12*k + 57. Calculate o(-4).
9
Let n(f) = 2*f**3 - 5*f**2 - 3*f - 8. Give n(5).
102
Let v(h) = -h**3 + 17*h**2 - 7. Calculate v(17).
-7
Let f(x) = 7*x - 53. What is f(7)?
-4
Let p(b) = -b**3 + 2*b**2 + 10. What is p(3)?
1
Let t(v) = -4*v**3 + 4*v**2 - 2*v + 2. Determine t(2).
-18
Let b(j) = -3*j + 33. What is b(5)?
18
Let f(k) = k - 1. Determine f(4).
3
Let a(r) = -2*r**3 + 13*r**2 - 10*r + 15. Calculate a(6).
-9
Let x(m) = 4*m**2 + 2*m. Give x(-2).
12
Let g(j) = -j**3 - 2. What is g(-3)?
25
Let h(d) = -6*d**2. What is h(-1)?
-6
Let r(p) = p**3 - 3*p**2 - 5*p + 7. Give r(5).
32
Let v(m) = -m. Give v(-4).
4
Let m(i) = i + 6. Give m(-12).
-6
Let c(g) = -2*g - 24. Calculate c(0).
-24
Let n(u) = u**2 + 4*u + 8. Determine n(-4).
8
Let i(g) = -g**2 + 37*g + 44. Give i(38).
6
Let d(v) = v**3 + 2*v**2 - 5*v - 1. Determine d(-2).
9
Let x(m) = -m**3 + 25*m**2 - 25*m + 18. What is x(24)?
-6
Let t(o) = 2*o + 14. What is t(10)?
34
Let o(h) = h**2 + 5. Determine o(-2).
9
Let o(p) = 24*p + 89. What is o(-4)?
-7
Let z(p) = -4*p**2 - 5*p + 4. What is z(3)?
-47
Let s(y) = 5*y**3 - y**2 + 1. Give s(1).
5
Let x(t) = 29*t - 43. Determine x(3).
44
Let y(n) = n**3 - 2*n**2 + 3*n + 1. What is y(3)?
19
Let c(d) = d**2 - 18*d - 7. Calculate c(15).
-52
Let l(i) = i**3 - 2*i. What is l(0)?
0
Let l(g) = -4*g**2 + 5*g + 6. Determine l(-1).
-3
Let p(o) = o + 23. What is p(-22)?
1
Let c(x) = 2*x - 13. What is c(3)?
-7
Let b(l) = l**3 + 4*l**2 + 4*l + 4. Give b(-3).
1
Let s(t) = t**3 + 21*t**2 - 52*t - 26. Calculate s(-23).
112
Let t(v) = -v**2 - 10*v + 81. Determine t(-14).
25
Let h(m) = -m**3 - 17*m**2 - 16*m + 6. Calculate h(-16).
6
Let z(p) = p**2 + 8*p + 14. Calculate z(-6).
2
Let g(j) = -3*j + 15. What is g(6)?
-3
Let f(c) = c + 12. Calculate f(-8).
4
Let n(p) = -67*p + 4. Give n(1).
-63
Let t(b) = 7*b - 16. What is t(-6)?
-58
Let d(h) = 42*h - 28. What is d(1)?
14
Let d(b) = b**2 + 18*b + 53. Give d(-17).
36
Let h(i) = -i**3 + 7*i**2 - 7. What is h(6)?
29
Let i(o) = o**2 + 5*o - 9. Calculate i(-7).
5
Let k(q) = q - 8. Give k(4).
-4
Let j(s) = s - 18. Calculate j(14).
-4
Let b(i) = i + 7. Determine b(-10).
-3
Let t(a) = a**3 + 6*a**2 - 14*a - 46. Determine t(-7).
3
Let q(k) = 3*k - 15. Determine q(6).
3
Let j(m) = m**3 + 4*m**2 + 2*m + 4. Calculate j(-3).
7
Let s(k) = 2*k + 12. Determine s(-9).
-6
Let j(k) = -k**2 - 32*k - 133. Calculate j(-5).
2
Let q(z) = -z**3 + 6*z**2 - 8*z + 9. What is q(5)?
-6
Let w(t) = -t**2 + 4*t + 52. Calculate w(0).
52
Let j(m) = -m**3 + 6*m**2 + 23*m + 6. Determine j(9).
-30
Let y(c) = -c**2 + 26*c - 148. Give y(17).
5
Let f(a) = -a**3 - 17*a**2 + 81*a - 61. Determine f(-21).
2
Let n(m) = m**2 + 4*m + 7. What is n(-4)?
7
Let b(r) = 4*r - 15. Determine b(7).
13
Let c(r) = 2*r - 44. What is c(21)?
-2
Let j(q) = q**2 - 61*q + 552. Give j(11).
2
Let m(k) = k**2 + 11*k - 4. Give m(-13).
22
Let p(i) = -i**3 + 13*i**2 + 11*i + 30. Calculate p(14).
-12
Let q(s) = 11*s**2 - 2*s - 2. Determine q(2).
38
Let v(k) = k**3 - 5*k**2 - 18*k + 17. Calculate v(7).
-11
Let u(q) = 7*q**3 - q - 2. What is u(-2)?
-56
Let d(w) = -2*w + 10. Determine d(8).
-6
Let o(i) = -i**3 - 6*i**2 - 6*i + 6. Give o(-5).
11
Let f(a) = 3*a + 39. Calculate f(-14).
-3
Let t(j) = 3*j + 2. Give t(6).
20
Let x(p) = 12*p**3 + 2*p**2 + p. Determine x(-2).
-90
Let n(w) = 19*w + 27. Calculate n(-5).
-68
Let n(s) = 2*s**2 - 3*s - 6. Give n(5).
29
Let h(z) = 2*z**3 - 13*z**2 - 10*z + 14. Calculate h(7).
-7
Let z(b) = b**2 - 3*b + 1. What is z(1)?
-1
Let h(f) = -f**3 + 3*f**2 + 4*f - 1. What is h(4)?
-1
Let v(y) = y**2 + 8*y + 2. What is v(-7)?
-5
Let n(f) = 8*f**3 - 5*f**2 + f + 3. Determine n(1).
7
Let j(l) = -l**2 - 15*l + 3. What is j(-15)?
3
Let r(t) = 4*t**2 + 4*t + 1. Calculate r(-2).
9
Let w(p) = -p**2 + p + 52. Calculate w(7).
10
Let a(r) = -r**2 + 9*r - 9. Determine a(0).
-9
Let h(s) = -6*s - 3. Determine h(-2).
9
Let k(y) = -y**2 + 3*y + 10. What is k(6)?
-8
Let l(k) = k**3 - 21*k**2 + 2*k + 17. Determine l(21).
59
Let z(u) = 2*u**2 - 38*u + 30. Give z(18).
-6
Let t(s) = s**3 + 5*s**2 + 3*s. Determine t(-3).
9
Let l(r) = -r**3 - 7*r**2 - 5*r + 33. Calculate l(-6).
27
Let s(f) = -f**3 + 7*f**2 - 6*f + 8. Calculate s(7).
-34
Let p(k) = k**2 - 13*k + 29. Give p(10).
-1
Let i(f) = -28*f - 2326. Determine i(-83).
-2
Let o(k) = k**2 + 24*k + 49. Calculate o(-2).
5
Let s(a) = -15*a**2 + a - 3. What is s(0)?
-3
Let j(l) = l**2 - 18*l - 13. Calculate j(19).
6
Let p(h) = -h + 2. Determine p(8).
-6
Let q(z) = -z**3 + 4. What is q(0)?
4
Let f(r) = 4*r**2 - 8*r + 4. What is f(2)?
4
Let o(y) = y**3 + 5*y**2 + 3*y - 3. What is o(-5)?
-18
Let j(f) = -7*f + 14. What is j(8)?
-42
Let o(m) = -m**2 + 8. What is o(-3)?
-1
Let x(a) = 10*a. Determine x(2).
20
Let d(h) = -8*h - 112. Give d(-15).
8
Let f(t) = t**3 + 11*t**2 + 8*t - 19. Determine f(-10).
1
Let v(i) = -2*i - 79. Give v(-36).
-7
Let a(d) = 4*d + 40. Give a(-5).
20
Let y(s) = 8*s**2 - s + 1. Determine y(1).
8
Let a(q) = -8*q + 30. Calculate a(9).
-42
Let l(x) = 15*x + 63. Determine l(-14).
-147
Let w(y) = -y**2 - 5*y + 6. Calculate w(-5).
6
Let w(q) = -q**3 + 3*q**2 - q - 4. Calculate w(3).
-7
Let r(x) = 5*x + 61. Give r(0).
61
Let a(j) = 11*j + 159. Give a(-15).
-6
Let n(f) = 67*f**2 - 3*f - 1. Determine n(-1).
69
Let o(v) = v**3 - 22*v**2 + 21*v + 7. Calculate o(21).
7
Let q(j) = -5*j - 7. Determine q(-5).
18
Let h(i) = i**2 + 3*i + 4. Give h(-3).
4
Let a(t) = -15*t + 3. Determine a(-3).
48
Let h(b) = -5*b**2 - 42*b - 8. Calculate h(-8).
8
Let n(k) = -2*k**3 + 19*k**2 - 9*k - 6. Give n(9).
-6
Let o(m) = 13*m**2 + 75*m + 4. What is o(-6)?
22
Let o(z) = 3*z**2 - z - 5. What is o(-2)?
9
Let a(y) = -2*y**2 + 9*y + 14. Determine a(6).
-4
Let m(r) = 6*r - 70. What is m(13)?
8
Let y(p) = -4*p - 155. Give y(-24).
-59
Let y(t) = t + 5. Calculate y(-10).
-5
Let c(g) = g**3 + 5*g**2 + 3*g - 4. Give c(-4).
0
Let a(o) = -4*o + 111. What is a(12)?
63
Let s(c) = c**2 + 18. Determine s(-6).
54
Let n(x) = -x**3 + 2*x**2 + 3*x - 3. Determine n(-3).
33
Let v(y) = -11*y - 82. Determine v(-8).
6
Let x(z) = z**3 + 8*z**2 - z + 13. Calculate x(-8).
21
Let t(n) = -n - 24. What is t(-19)?
-5
Let q(z) = -12*z + 42. What is q(9)?
-66
Let b(j) = 2*j**2 - 11*j + 22. What is b(5)?
17
Let a(q) = 2*q**2 - q - 62. Determine a(0).
-62
Let o(x) = 6*x - 22. Give o(3).
-4
Let g(l) = 8*l**3 + 2*l**2 - l - 2. What is g(-1)?
-7
Let g(u) = -7*u**3 + 2*u**2 - 2. Give g(-2).
62
Let o(d) = d**2 + 15*d + 2. Calculate o(-14).
-12
Let f(t) = t**2 - 18*t + 70. Determine f(13).
5
Let s(f) = -f**2 - 10*f - 28. What is s(-6)?
-4
Let g(l) = -l**3 + 21*l**2 - 4. Calculate g(21).
-4
Let u(y) = -4*y - 5. Give u(12).
-53
Let x(f) = f**2 + 2*f + 9. What is x(0)?
9
Let t(k) = 2*k + 5. Determine t(-8).
-11
Let c(p) = 10*p + 55. Calculate c(-2).
35
Let v(h) = -h**2 + 10. What is v(-3)?
1
Let f(r) = -43*r - 10. Calculate f(2).
-96
Let t(m) = -2*m + 6. Calculate t(7).
-8
Let q(p) = 13*p - 21. Give q(2).
5
Let q(t) = t**2 - 23*t + 75. Determine q(17).
-27
Let o(z) = z**2 + 3*z + 12. Give o(-10).
82
Let a(k) = -k**2 + 2*k - 7. What is a(5)?
-22
Let u(k) = k**2 + 5*k. What is u(-3)?
-6
Let x(n) = n**2 + 4*n - 22. Give x(-7).
-1
Let b(s) = s**3 + 7*s**2 - 7*s + 6. What is b(-8)?
-2
Let a(r) = r**2 + 2*r + 7. Give a(-6).
31
Let v(t) = -10*t + 1. Give v(-6).
61
Let i(l) = l**3 + 13*l**2 - 10*l - 21. What is i(-13)?
109
Let v(k) = -3*k + 9. Determine v(0).
9
Let c(x) = 2*x**2 + 12*x - 6. What is c(-6)?
-6
Let m(o) = -o**2 + 7*o + 19. Calculate m(10).
-11
Let l(s) = s**3 + 10*s**2 + 11*s - 2. Give l(-9).
-20
Let w(p) = -26*p**3 - 2*p**2 - 2*p - 1. Calculate w(-1).
25
Let j(v) = v + 2. Calculate j(9).
11
Let r(u) = u**3 - 6*u**2 + 3*u + 1. Calculate r(7).
71
Let d(t) = -32*t + 3394. Determine d(106).
2
Let m(k)